tor of j and 42.
14
Let z be (-2 - (1 - -1)*-1) + 0. Suppose 5*u + 10 = z, -u = -4*r - 5*u + 12. Let h(c) = 35*c. Let n be h(1). What is the greatest common factor of n and r?
5
Let z be (-24 + 1170/52)/(2*(-6)/448). Calculate the greatest common divisor of z and 3304.
56
Suppose 5*l - 17438 = -3*r, 38*l - 9*r + 7022 = 40*l. What is the highest common factor of 402 and l?
134
Suppose -286*s = -135*s - 142*s - 108. Calculate the highest common factor of 5196 and s.
12
Let m be (-3*(-80)/75)/(-2 - (-182)/90). Calculate the highest common divisor of 234 and m.
18
Suppose -121*y - 1086 = -88*y - 10986. What is the greatest common factor of y and 645?
15
Suppose -3*k = -9*k + 846. Let t be ((-94)/(-1))/((-83)/(-166)). What is the greatest common factor of k and t?
47
Let u be (1 - -1)*(-5278)/(-1508). Let s be ((-112)/(-6))/(1/3). What is the greatest common divisor of s and u?
7
Suppose n = -5*p + 2962, 0 = 2*n + 3*p + 2799 - 8758. What is the greatest common divisor of n and 29?
29
Suppose 4*x = -3*m - 3, x + 4*m = 5*x - 32. Suppose x*f - 182 = -4*f. What is the greatest common factor of 78 and f?
26
Let d = 683 + -423. Calculate the greatest common factor of 80 and d.
20
Let f(k) = -1937*k - 32838. Let o be f(-17). Let j = -88 - -148. Suppose -4*g = -g + 3*v - 33, 4*g - 4*v = j. Calculate the highest common divisor of g and o.
13
Let z be ((60 + -48)/(9/(-8)))/((-3)/9). Let i be (-1)/(-2) - (-79)/2. What is the greatest common factor of i and z?
8
Suppose 14 = -5*m - 296. Let o be (-1643)/m + 1/(-2). Calculate the highest common factor of o and 13.
13
Let b be ((-8)/80*14)/(8/(-40)). Calculate the greatest common divisor of 749 and b.
7
Suppose 0*d - 13*d + 5*d + 536 = 0. Calculate the greatest common factor of 1407 and d.
67
Let u(z) = 10*z**3 - 2*z**2 - 91*z + 328. Let i be u(4). Calculate the greatest common factor of i and 341.
11
Let s = -15 - -39. Let o(m) = m**2 - 19*m - 12. Suppose 114 = 6*w - 6. Let y be o(w). What is the highest common divisor of y and s?
8
Suppose i + i = 60. Let l be 27/(30/(7950/53)). Calculate the greatest common factor of i and l.
15
Suppose 16*g - 18*g = -38. Suppose -16*a = -g*a - 3. Let d be 45 - -2 - a - 4. Calculate the greatest common divisor of d and 4.
4
Let p be 92 - 9/((-45)/20)*-2. What is the greatest common divisor of p and 12?
12
Let m(r) = -4*r - 40. Let k be m(-11). Suppose 3*g = 3*a + 4*g - 297, -2*a - k*g = -188. What is the highest common divisor of a and 5?
5
Let t = 361 + -359. Suppose -3*u - t*u - 40 = -z, -4*z + 181 = u. What is the greatest common factor of 36 and z?
9
Suppose -x - 4*a + 369 = 375, 2*x + a - 30 = 0. What is the highest common factor of x and 14346?
18
Let l(n) = -n**3 - 4*n**2 + 2*n + 12. Let x be l(-4). What is the greatest common divisor of x and 11?
1
Let i be (-20)/(-130) + 102/13. Let w(h) = -5*h**2 + 43*h - 8. Let u be w(i). Calculate the greatest common divisor of u and 48.
16
Suppose -4*d = 4*q - 16, q - d = 5*q - 13. Suppose q*o = -14*o + 6545. Calculate the greatest common factor of o and 11.
11
Let w = -265 + 338. Suppose -3*d = -4*s + 159, 4*s - d - w = 76. What is the greatest common divisor of 9 and s?
9
Suppose -28*a = -23*a - 5. Let y be 737 + -1 + a + -2 + 1. What is the greatest common factor of y and 32?
32
Let z(v) = -379*v + 7. Let c be z(-1). Suppose -x - c = -5*m, 0 = 5*m + 2*x - 14 - 369. Calculate the highest common factor of m and 35.
7
Let m be (-10)/(-85) - 370/(-34). Suppose 4*u = 5*z + 5*u - 884, 2*z = 3*u + 340. What is the highest common divisor of z and m?
11
Suppose -31*b - 5*w = -29*b - 5741, -8622 = -3*b + 3*w. What is the highest common factor of b and 34?
17
Let i = 19 + -5. Suppose 14*f - 5*q = 2641, -2606*f + q + 755 = -2602*f. Calculate the highest common factor of f and i.
7
Suppose 39*l + 180 = -93. Let r be ((-3)/(-6)*l)/(20/(-480)). What is the greatest common divisor of 36 and r?
12
Suppose -5*z + 172 = 2*j, 0*j = j + z - 80. Let y be (-718)/(-38) + 1*(-18)/(-171). What is the highest common divisor of j and y?
19
Let v(q) be the third derivative of -4*q**6/15 + q**4/12 + q**3/3 - 10*q**2. Let a be v(-1). Let r = -12 + a. What is the greatest common factor of r and 60?
20
Suppose -36 = -3*h - 12. Let x = -11376 + 11440. What is the highest common divisor of h and x?
8
Let s = -573 - -1588. Let y be (-4)/26 - (s/(-91) - -8). Calculate the highest common divisor of 6 and y.
3
Suppose 4*x + 9 = c + 16, -c = -2*x + 1. Let t be x - -56 - (4 + 0). Calculate the greatest common divisor of 44 and t.
11
Let q(h) = h**3 - 2*h - 1. Let x be q(0). Let z be x/((4 + 100/(-24))*-2). Let c = z + 38. What is the greatest common divisor of c and 5?
5
Let a be (-6)/(30/(-42) - -1). Let y = 237 + a. Calculate the highest common factor of 54 and y.
54
Let v(q) = q**3 + 8*q**2 + 6*q + 2. Let t be v(-6). Suppose 627*k = 309*k - 124*k + 50388. What is the greatest common factor of t and k?
38
Suppose -c + 306 = 4*r + 63, 5*r - 20*c - 325 = 0. Suppose 4*w - 3894 = -5*b, -3*w - 2*b + b + 2926 = 0. Calculate the greatest common divisor of r and w.
61
Let g = 7288 - 5767. Calculate the highest common divisor of g and 18.
9
Let w be (-3 - 3)*33/(-12) + 24/16. What is the highest common divisor of w and 1602?
18
Let z(h) = -h**3 - 20*h**2 + 20*h + 139. Let y be z(-21). What is the highest common divisor of 1312 and y?
32
Suppose 4*p - r = 613, -2*p - 4*r + 361 = 77. Let j = 336 - -500. Calculate the highest common factor of p and j.
76
Let h = 338 - 235. Suppose -4*q - 5*x - h = 0, x + 0*x + 91 = -3*q. Let a = 88 + q. What is the greatest common divisor of 7 and a?
7
Let l = -9958 + 12751. What is the highest common factor of l and 228?
57
Let p(o) = 45*o - 2. Let w(a) = 44*a - 2. Let j(x) = 2*p(x) - 3*w(x). Let b be j(-1). Let g = -73 - -106. What is the highest common factor of b and g?
11
Let w(h) = -31*h + 22. Let l be w(-6). Let z(v) = 27*v - 43. Let t be z(13). Let c = t - l. What is the greatest common divisor of 20 and c?
20
Let n = -3 - -9. Suppose -4*i = -s + 30, -3*i - 8 = s + 4. What is the highest common divisor of n and s?
6
Let t = 280 - 274. Let x be -6 - -10*27/t. What is the highest common divisor of 351 and x?
39
Let t be (-15 - -21) + (2 - 3). Suppose -t*m - 18*g + 36 = -21*g, m + 4*g = -2. Calculate the greatest common factor of 50 and m.
2
Let i(g) = 10*g**2 - 30*g - 206. Let b be i(-7). Calculate the greatest common divisor of 133 and b.
19
Let y = -62 - -106. Suppose -3960 = 29*w - 65*w. What is the greatest common divisor of y and w?
22
Let y = -7 + 10. Suppose 0 = -y*l + 448 + 212. Let v = -235898 + 235918. Calculate the highest common factor of v and l.
20
Let c(v) = 76*v**2 - 23*v + 221. Let x be c(7). Calculate the highest common factor of x and 308.
44
Let l = 360 + -203. Suppose -3*r + 209 + l = 0. Suppose -5*v + r = 22. What is the greatest common divisor of v and 50?
10
Suppose 0 = 3*m - 9, 2*m = -2*f - m + 19. Suppose -3*h = 2*u - 252, -9*h + 10*h - 84 = -f*u. Calculate the highest common factor of 147 and h.
21
Suppose -2*x = x - 90. Suppose -8*v = -6*v - 1656. Let k be (1/(-2))/((-69)/v). Calculate the greatest common divisor of x and k.
6
Suppose 5*s + 360 = 14*s. Suppose -2*w = 3*c - 529 + 42, c = 3*w + 155. Let v be c/2 - -6*(-6)/72. Calculate the greatest common divisor of s and v.
40
Let n = -11519 - -12692. Calculate the greatest common factor of n and 1035.
69
Let g(m) = -m**2 + 23*m + 3. Let b be g(20). Let d be 86/10 + b/(-105). Suppose -u + 14 + d = 0. What is the highest common divisor of u and 22?
22
Let x be 5 - (16/(-4) + 7). Let d be 10269/315 - 1/((-5)/x). Calculate the greatest common divisor of 363 and d.
33
Let h = -388 + 373. Let x be h/((126/12)/(-7)). Calculate the greatest common factor of 550 and x.
10
Let c = -317 - -487. Suppose -4*j + 476 = 4*b, 3*b - c = -5*j + 187. Calculate the greatest common factor of b and 17.
17
Suppose 3*a - 768 = 4*m, 4*a = 3*m + 211 + 813. Suppose -11*k + 27*k = a. Calculate the highest common divisor of 432 and k.
16
Suppose 0 = -2*x - 10, -2*k - 15 = x + 4. Let z be (-2 + -1)/(k/21). Let j = -67 - -73. Calculate the greatest common factor of j and z.
3
Let g(r) = -131*r + 465. Let j be g(3). What is the highest common factor of 9 and j?
9
Suppose -29*u - 2*g = -3